of 200 and 26?
2
What is the highest common factor of 2742 and 528?
6
Calculate the highest common divisor of 13153 and 7.
7
Calculate the highest common factor of 15554 and 231.
77
What is the highest common factor of 9983 and 871?
67
Calculate the highest common factor of 181 and 973056.
181
What is the greatest common divisor of 4227 and 3044849?
1409
Calculate the greatest common factor of 20 and 365180.
20
Calculate the greatest common factor of 128842 and 14.
14
What is the highest common divisor of 700 and 83200?
100
What is the greatest common factor of 73 and 5061601?
73
Calculate the highest common factor of 48 and 952716.
12
What is the highest common factor of 9 and 338139?
9
Calculate the highest common factor of 114 and 2774.
38
What is the greatest common factor of 351 and 79596?
27
What is the greatest common divisor of 4912 and 255731?
307
What is the highest common factor of 28 and 2471?
7
What is the greatest common divisor of 1393 and 427?
7
Calculate the highest common divisor of 6380 and 2860.
220
What is the highest common divisor of 268764 and 84?
12
Calculate the highest common divisor of 35065 and 125.
5
What is the greatest common factor of 8957 and 845?
169
What is the greatest common divisor of 12 and 625568?
4
Calculate the highest common factor of 236716 and 1116.
124
What is the greatest common divisor of 64 and 10998912?
64
Calculate the greatest common divisor of 65006 and 8.
2
What is the greatest common factor of 1352 and 3185988?
676
Calculate the highest common factor of 15084 and 1125.
9
Calculate the greatest common divisor of 6739 and 86142.
293
What is the greatest common factor of 453 and 2258658?
453
Calculate the greatest common divisor of 20329 and 471072.
701
What is the highest common factor of 30 and 10860?
30
What is the highest common factor of 18 and 82062?
18
What is the greatest common divisor of 1415412 and 288?
36
What is the highest common divisor of 128 and 251648?
128
What is the greatest common factor of 117 and 113581?
13
Calculate the greatest common factor of 297 and 127611.
99
What is the greatest common factor of 540 and 831780?
180
What is the highest common factor of 518936 and 286?
22
What is the highest common factor of 576 and 605504?
64
What is the greatest common divisor of 1593 and 63396?
27
What is the greatest common divisor of 120666 and 84?
42
Calculate the highest common factor of 536 and 568.
8
What is the highest common divisor of 93 and 222890?
31
What is the greatest common factor of 957 and 499191?
33
What is the highest common divisor of 3095178 and 334?
334
Calculate the greatest common divisor of 1127 and 368.
23
What is the greatest common divisor of 88091 and 274?
137
Calculate the greatest common factor of 52 and 4381.
13
Calculate the greatest common factor of 1465 and 6.
1
What is the greatest common factor of 10170 and 90?
90
What is the greatest common divisor of 1774 and 8?
2
What is the greatest common factor of 72 and 10056?
24
What is the highest common divisor of 105368 and 12?
4
What is the highest common divisor of 3133375 and 1750?
875
Calculate the highest common divisor of 128592 and 1680.
48
Calculate the highest common divisor of 25083 and 891.
27
What is the greatest common factor of 417 and 118011?
417
What is the greatest common factor of 296 and 4800232?
296
What is the greatest common factor of 7712 and 160?
32
Calculate the greatest common factor of 996 and 18.
6
What is the greatest common divisor of 7 and 59031?
7
What is the highest common divisor of 77510 and 2696?
674
What is the greatest common divisor of 12349 and 9553?
233
What is the greatest common divisor of 2651 and 3641?
11
Calculate the greatest common divisor of 72 and 58041.
9
What is the highest common divisor of 1248 and 37024?
416
What is the highest common divisor of 14986 and 127?
127
Calculate the highest common divisor of 134771 and 364.
91
What is the highest common divisor of 190014 and 180?
6
Calculate the greatest common divisor of 1064 and 1612492.
532
What is the greatest common factor of 647471 and 121?
121
What is the greatest common factor of 1274 and 3679?
13
Calculate the greatest common factor of 208 and 4030.
26
What is the greatest common divisor of 29238 and 66?
66
What is the highest common divisor of 46098 and 442?
26
What is the highest common factor of 544 and 26860?
68
What is the highest common factor of 40 and 4435?
5
Calculate the greatest common factor of 324 and 581823.
81
Calculate the greatest common factor of 17281 and 11.
11
Calculate the highest common divisor of 5740 and 68460.
140
Calculate the highest common divisor of 727128 and 408.
24
Calculate the greatest common divisor of 1392 and 4758552.
696
Calculate the greatest common factor of 194256 and 11644.
284
What is the greatest common divisor of 1620 and 1323?
27
What is the greatest common divisor of 7888 and 55709?
493
What is the greatest common divisor of 17850 and 1029?
21
Calculate the greatest common factor of 42 and 252462.
42
Calculate the greatest common factor of 57 and 3488191.
19
Calculate the greatest common factor of 924 and 35684.
44
Calculate the greatest common factor of 69125 and 347375.
875
Calculate the highest common factor of 563374 and 14.
14
Calculate the greatest common divisor of 93390 and 240.
30
Calculate the greatest common divisor of 125415 and 135.
135
What is the highest common factor of 4865 and 672?
7
What is the greatest common factor of 966 and 658651?
161
Calculate the greatest common factor of 44 and 409222.
22
Calculate the greatest common divisor of 40 and 126388.
4
What is the highest common divisor of 786 and 54496?
262
What is the greatest common divisor of 4160 and 21920?
160
What is the highest common divisor of 21 and 520449?
3
Calculate the greatest common divisor of 4281642 and 158.
158
What is the greatest common factor of 2465 and 1377?
17
What is the greatest common factor of 282222 and 36?
18
What is the highest common divisor of 65303 and 741?
19
Calculate the greatest common factor of 27432 and 216.
216
What is the highest common divisor of 10216 and 8?
8
What is the highest common factor of 334195 and 890?
445
What is the greatest common factor of 12793 and 2981?
11
What is the greatest common divisor of 12493 and 195?
13
What is the highest common divisor of 207773 and 2249?
173
What is the highest common divisor of 48233 and 33312?
347
Calculate the highest common divisor of 3549420 and 42.
42
Calculate the highest common factor of 96288 and 1593.
177
Calculate the highest common divisor of 70 and 297850.
70
Calculate the greatest common factor of 48 and 534944.
16
Calculate the greatest common divisor of 1392896 and 256.
256
What is the greatest common factor of 1130335 and 805?
115
Calculate the greatest common factor of 154 and 889.
7
What is the highest common factor of 48 and 1032?
24
Calculate the highest common factor of 141975 and 225.
225
Calculate the greatest common factor of 10432 and 1472.
64
What is the highest common factor of 173 and 497894?
173
What is the highest common factor of 258493 and 73?
73
What is the greatest common divisor of 273 and 5889?
39
Calculate the highest common divisor of 60 and 146310.
30
What is the highest common factor of 23904 and 425043?
747
Calculate the greatest common divisor of 26448 and 741.
57
What is the greatest common divisor of 1127678 and 578?
578
What is the greatest common factor of 86267 and 1124?
281
Calculate the highest common divisor of 2590 and 12565.
35
What is the greatest common divisor of 2852 and 6900?
92
Calculate the highest common divisor of 113435 and 7105.
245
Calculate the greatest common divisor of 9830 and 25.
5
Calculate the greatest common divisor of 204836 and 164.
164
What is the greatest common divisor of 114584 and 32?
8
What is the highest common factor of 60 and 32388?
12
What is the highest common divisor of 16059 and 8181?
303
What is the greatest common factor of 67469 and 1809?
67
Calculate the highest common divisor of 38973 and 9.
3
What is the highest common divisor of 108 and 1287612?
36
Calculate the greatest common factor of 43 and 603247.
43
What is the highest common divisor of 67 and 15611?
67
What is the greatest commo